{"id":2,"date":"2025-08-12T03:18:00","date_gmt":"2025-08-12T01:18:00","guid":{"rendered":"https:\/\/www.wt-berger.at\/?page_id=2"},"modified":"2025-08-12T11:51:29","modified_gmt":"2025-08-12T09:51:29","slug":"home","status":"publish","type":"page","link":"https:\/\/www.wt-berger.at\/","title":{"rendered":"home"},"content":{"rendered":"\n<div class=\"wp-block-group alignfull has-global-padding is-layout-constrained wp-container-core-group-is-layout-490fa1db wp-block-group-is-layout-constrained\" style=\"padding-top:var(--wp--preset--spacing--50);padding-right:var(--wp--preset--spacing--50);padding-bottom:var(--wp--preset--spacing--50);padding-left:var(--wp--preset--spacing--50)\">\n<div class=\"wp-block-group has-global-padding is-layout-constrained wp-container-core-group-is-layout-650790e1 wp-block-group-is-layout-constrained\">\n<h1 class=\"wp-block-heading has-text-align-center has-x-large-font-size\">Wir \u00fcberarbeiten gerade unseren Web Auftritt.<\/h1>\n\n\n\n<div style=\"height:1.25rem\" aria-hidden=\"true\" class=\"wp-block-spacer\"><\/div>\n\n\n\n<p class=\"has-text-align-center\">Mit uns an Ihrer Seite, Ihrem Partner f\u00fcr Wirtschaftstreuhand, Rechnungswesen und betriebswirtschaftliche Analysen, legen Sie den Grundstein f\u00fcr Ihren nachhaltigen Erfolg.<\/p>\n\n\n\n<div style=\"height:1.25rem\" aria-hidden=\"true\" class=\"wp-block-spacer\"><\/div>\n\n\n\n<div class=\"wp-block-buttons is-content-justification-center is-layout-flex wp-container-core-buttons-is-layout-a89b3969 wp-block-buttons-is-layout-flex\">\n<div class=\"wp-block-button has-custom-width wp-block-button__width-50\"><a class=\"wp-block-button__link has-text-align-center wp-element-button\">Anrufen<\/a><\/div>\n\n\n\n<div class=\"wp-block-button has-custom-width wp-block-button__width-50\"><a class=\"wp-block-button__link has-text-align-center wp-element-button\" href=\"mailto:office@wt-berger.at\">E-Mail<\/a><\/div>\n<\/div>\n<\/div>\n\n\n\n<div style=\"height:var(--wp--preset--spacing--30)\" aria-hidden=\"true\" class=\"wp-block-spacer\"><\/div>\n\n\n\n<figure class=\"wp-block-image alignwide size-full is-style-rounded is-style-rounded--1\"><img loading=\"lazy\" decoding=\"async\" width=\"1024\" height=\"576\" src=\"https:\/\/www.wt-berger.at\/wp-content\/uploads\/2025\/08\/BergerPlaceholder-edited.jpg\" alt=\"\" class=\"wp-image-9\" srcset=\"https:\/\/www.wt-berger.at\/wp-content\/uploads\/2025\/08\/BergerPlaceholder-edited.jpg 1024w, https:\/\/www.wt-berger.at\/wp-content\/uploads\/2025\/08\/BergerPlaceholder-edited-300x169.jpg 300w, https:\/\/www.wt-berger.at\/wp-content\/uploads\/2025\/08\/BergerPlaceholder-edited-768x432.jpg 768w\" sizes=\"auto, (max-width: 1024px) 100vw, 1024px\" \/><\/figure>\n<\/div>\n","protected":false},"excerpt":{"rendered":"<p>Wir \u00fcberarbeiten gerade unseren Web Auftritt. Mit uns an Ihrer Seite, Ihrem Partner f\u00fcr Wirtschaftstreuhand, Rechnungswesen und betriebswirtschaftliche Analysen, legen Sie den Grundstein f\u00fcr Ihren nachhaltigen Erfolg.<\/p>\n","protected":false},"author":1,"featured_media":0,"parent":0,"menu_order":0,"comment_status":"closed","ping_status":"closed","template":"page-no-title","meta":{"footnotes":""},"class_list":["post-2","page","type-page","status-publish","hentry"],"_links":{"self":[{"href":"https:\/\/www.wt-berger.at\/index.php\/wp-json\/wp\/v2\/pages\/2","targetHints":{"allow":["GET"]}}],"collection":[{"href":"https:\/\/www.wt-berger.at\/index.php\/wp-json\/wp\/v2\/pages"}],"about":[{"href":"https:\/\/www.wt-berger.at\/index.php\/wp-json\/wp\/v2\/types\/page"}],"author":[{"embeddable":true,"href":"https:\/\/www.wt-berger.at\/index.php\/wp-json\/wp\/v2\/users\/1"}],"replies":[{"embeddable":true,"href":"https:\/\/www.wt-berger.at\/index.php\/wp-json\/wp\/v2\/comments?post=2"}],"version-history":[{"count":3,"href":"https:\/\/www.wt-berger.at\/index.php\/wp-json\/wp\/v2\/pages\/2\/revisions"}],"predecessor-version":[{"id":35,"href":"https:\/\/www.wt-berger.at\/index.php\/wp-json\/wp\/v2\/pages\/2\/revisions\/35"}],"wp:attachment":[{"href":"https:\/\/www.wt-berger.at\/index.php\/wp-json\/wp\/v2\/media?parent=2"}],"curies":[{"name":"wp","href":"https:\/\/api.w.org\/{rel}","templated":true}]}}