{"id":16,"date":"2025-08-12T12:23:02","date_gmt":"2025-08-12T10:23:02","guid":{"rendered":"https:\/\/www.wt-berger.at\/?page_id=16"},"modified":"2025-08-12T12:23:17","modified_gmt":"2025-08-12T10:23:17","slug":"impressum","status":"publish","type":"page","link":"https:\/\/www.wt-berger.at\/index.php\/impressum\/","title":{"rendered":"Impressum"},"content":{"rendered":"\n<h1 class=\"wp-block-heading\">Impressum<\/h1>\n\n\n\n<h2 class=\"wp-block-heading\">MAG. REINHOLD BERGER STEUERBERATER KG<\/h2>\n\n\n\n<p><a href=\"tel:0043512377563\">Tel: 0512 \/ 377 563<\/a><br>Fax: 0512 \/ 370 023<br><a href=\"mailto:office@wt-berger.at\">Email: office@wt-berger.at<\/a><br><a href=\"https:\/\/www.wt-berger.at\">Website: www.wt-berger.at<\/a><br>UID: ATU44256005<\/p>\n\n\n\n<p>Firmenbuchnummer: 168219g<br>Firmenbuch: Innsbruck<br>Aufsichtsbeh\u00f6rden: BMWA, BMF (indirekt, im Wege der Kammern)<br>Kammer: Kammer der Wirtschaftstreuh\u00e4nder, Steuerberater<\/p>\n\n\n\n<p>Berufsbezeichnung: WTBG, Bundesgesetzblatt Berufsvorschriften:  Diese Angaben gelten auch als Impressum im Sinne des \u00a75 Abs. 1 E-Commerz-Gesetzes. F\u00fcr weitere Angaben bez\u00fcglich gesetzlicher Grundlagen verweisen wir auf die oben eingef\u00fcgten Links.<\/p>\n\n\n\n<p>Wir \u00fcbernehmen keine Haftung f\u00fcr Fremdinhalte und Texte in Links. Zudem machen wir darauf aufmerksam, dass trotz gr\u00f6\u00dfter Sorgfalt sich immer wieder Fehler einschleichen k\u00f6nnen und daher Angaben und Berechnungen auf dieser Internetseite nur Anhaltspunkte sind. Genaue Ausk\u00fcnfte und Berechnungen lassen Sie bitte in unserer Kanzlei durchf\u00fchren.<\/p>\n\n\n\n<p><\/p>\n\n\n\n<p><\/p>\n","protected":false},"excerpt":{"rendered":"<p>Impressum MAG. REINHOLD BERGER STEUERBERATER KG Tel: 0512 \/ 377 563Fax: 0512 \/ 370 023Email: office@wt-berger.atWebsite: www.wt-berger.atUID: ATU44256005 Firmenbuchnummer: 168219gFirmenbuch: InnsbruckAufsichtsbeh\u00f6rden: BMWA, BMF (indirekt, im Wege der Kammern)Kammer: Kammer der Wirtschaftstreuh\u00e4nder, Steuerberater Berufsbezeichnung: WTBG, Bundesgesetzblatt Berufsvorschriften: Diese Angaben gelten auch als Impressum im Sinne des \u00a75 Abs. 1 E-Commerz-Gesetzes. F\u00fcr weitere Angaben bez\u00fcglich gesetzlicher Grundlagen [&hellip;]<\/p>\n","protected":false},"author":1,"featured_media":0,"parent":0,"menu_order":0,"comment_status":"closed","ping_status":"closed","template":"page-no-title","meta":{"footnotes":""},"class_list":["post-16","page","type-page","status-publish","hentry"],"_links":{"self":[{"href":"https:\/\/www.wt-berger.at\/index.php\/wp-json\/wp\/v2\/pages\/16","targetHints":{"allow":["GET"]}}],"collection":[{"href":"https:\/\/www.wt-berger.at\/index.php\/wp-json\/wp\/v2\/pages"}],"about":[{"href":"https:\/\/www.wt-berger.at\/index.php\/wp-json\/wp\/v2\/types\/page"}],"author":[{"embeddable":true,"href":"https:\/\/www.wt-berger.at\/index.php\/wp-json\/wp\/v2\/users\/1"}],"replies":[{"embeddable":true,"href":"https:\/\/www.wt-berger.at\/index.php\/wp-json\/wp\/v2\/comments?post=16"}],"version-history":[{"count":2,"href":"https:\/\/www.wt-berger.at\/index.php\/wp-json\/wp\/v2\/pages\/16\/revisions"}],"predecessor-version":[{"id":39,"href":"https:\/\/www.wt-berger.at\/index.php\/wp-json\/wp\/v2\/pages\/16\/revisions\/39"}],"wp:attachment":[{"href":"https:\/\/www.wt-berger.at\/index.php\/wp-json\/wp\/v2\/media?parent=16"}],"curies":[{"name":"wp","href":"https:\/\/api.w.org\/{rel}","templated":true}]}}